{"id":884,"date":"2021-11-10T10:29:19","date_gmt":"2021-11-10T09:29:19","guid":{"rendered":"https:\/\/boutique.fm-ch.ch\/boutique\/lincroyable-destin-de-max\/"},"modified":"2024-10-22T14:04:42","modified_gmt":"2024-10-22T12:04:42","slug":"das-unglaubliche-schicksal-von-max","status":"publish","type":"product","link":"https:\/\/boutique.fm-ch.ch\/de\/shop\/das-unglaubliche-schicksal-von-max\/","title":{"rendered":"Das unglaubliche Schicksal von Max"},"content":{"rendered":"<div class=\"the-content\"><div id=\"ProductContainer5\" class=\"GC73 ProductContainer5\">\n<div id=\"ProductIntroduction-P158\" class=\"GC11 ProductIntroduction\">\n<h5>Vorwort Pierre-Andr\u00e9 Poncet<\/h5>\n<\/div>\n<div id=\"ProductDescription-P158\" class=\"GC12 ProductDescription\">\n<div class=\"row clearfix a09 sf-cb\">\n<div class=\"column full\">\n<p>Manche Schicksale sind \u00fcberraschend, und das von Max ist eines davon. Aus diesem Fohlen, das auf den ersten Blick wie jedes andere aussah, wurde ein au\u00dfergew\u00f6hnlicher Hengst f\u00fcr die Franco-Montagnes: der Hengst Hulax, der 13. Bis zu dem Punkt, an dem er seine Spuren in der Rasse hinterlassen hat.<\/p>\n<p>Spezialist und leidenschaftlicher Kenner der Pferdewelt, hat Jean-Pierre Graber ihm ein Buch mit dem Titel &#8222;<em>Das unglaubliche Schicksal von Max<\/em>&#8220; gewidmet.<\/p>\n<\/div>\n<\/div>\n<\/div>\n<\/div>\n<\/div>","protected":false},"excerpt":{"rendered":"<div id=\"ProductContainer5\" class=\"GC73 ProductContainer5\">\n<div id=\"ProductIntroduction-P158\" class=\"GC11 ProductIntroduction\">\n<h5>Vorwort Pierre-Andr\u00e9 Poncet<\/h5>\n<\/div>\n<div id=\"ProductDescription-P158\" class=\"GC12 ProductDescription\">\n<div class=\"row clearfix a09 sf-cb\">\n<div class=\"column full\">\n<p>Manche Schicksale sind \u00fcberraschend, und das von Max ist eines davon. Aus diesem Fohlen, das auf den ersten Blick wie jedes andere aussah, wurde ein au\u00dfergew\u00f6hnlicher Hengst f\u00fcr die Franco-Montagnes: der Hengst Hulax, der 13. Bis zu dem Punkt, an dem er seine Spuren in der Rasse hinterlassen hat.<\/p>\n<p>Spezialist und leidenschaftlicher Kenner der Pferdewelt, hat Jean-Pierre Graber ihm ein Buch mit dem Titel &#8222;<em>Das unglaubliche Schicksal von Max<\/em>&#8220; gewidmet.<\/p>\n<\/div>\n<\/div>\n<\/div>\n<\/div>\n","protected":false},"featured_media":453,"template":"","meta":{"_acf_changed":false},"product_brand":[],"product_cat":[66],"product_tag":[],"class_list":{"0":"post-884","1":"product","2":"type-product","3":"status-publish","4":"has-post-thumbnail","6":"product_cat-editionen","8":"first","9":"instock","10":"taxable","11":"shipping-taxable","12":"purchasable","13":"product-type-variable"},"group_of_quantity":0,"min_quantity":0,"max_quantity":"","exclude_order_quantity_value_rules":"no","exclude_category_quantity_rules":"no","combine_variations":"no","acf":[],"_links":{"self":[{"href":"https:\/\/boutique.fm-ch.ch\/de\/wp-json\/wp\/v2\/product\/884","targetHints":{"allow":["GET"]}}],"collection":[{"href":"https:\/\/boutique.fm-ch.ch\/de\/wp-json\/wp\/v2\/product"}],"about":[{"href":"https:\/\/boutique.fm-ch.ch\/de\/wp-json\/wp\/v2\/types\/product"}],"wp:featuredmedia":[{"embeddable":true,"href":"https:\/\/boutique.fm-ch.ch\/de\/wp-json\/wp\/v2\/media\/453"}],"wp:attachment":[{"href":"https:\/\/boutique.fm-ch.ch\/de\/wp-json\/wp\/v2\/media?parent=884"}],"wp:term":[{"taxonomy":"product_brand","embeddable":true,"href":"https:\/\/boutique.fm-ch.ch\/de\/wp-json\/wp\/v2\/product_brand?post=884"},{"taxonomy":"product_cat","embeddable":true,"href":"https:\/\/boutique.fm-ch.ch\/de\/wp-json\/wp\/v2\/product_cat?post=884"},{"taxonomy":"product_tag","embeddable":true,"href":"https:\/\/boutique.fm-ch.ch\/de\/wp-json\/wp\/v2\/product_tag?post=884"}],"curies":[{"name":"wp","href":"https:\/\/api.w.org\/{rel}","templated":true}]}}

<div class="the-content"><div id="ProductContainer5" class="GC73 ProductContainer5">
<div id="ProductIntroduction-P158" class="GC11 ProductIntroduction">
<h5>Vorwort Pierre-André Poncet</h5>
</div>
<div id="ProductDescription-P158" class="GC12 ProductDescription">
<div class="row clearfix a09 sf-cb">
<div class="column full">
<p>Manche Schicksale sind überraschend, und das von Max ist eines davon. Aus diesem Fohlen, das auf den ersten Blick wie jedes andere aussah, wurde ein außergewöhnlicher Hengst für die Franco-Montagnes: der Hengst Hulax, der 13. Bis zu dem Punkt, an dem er seine Spuren in der Rasse hinterlassen hat.</p>
<p>Spezialist und leidenschaftlicher Kenner der Pferdewelt, hat Jean-Pierre Graber ihm ein Buch mit dem Titel &#8222;<em>Das unglaubliche Schicksal von Max</em>&#8220; gewidmet.</p>
</div>
</div>
</div>
</div>
</div>

<div id="ProductContainer5" class="GC73 ProductContainer5">
<div id="ProductIntroduction-P158" class="GC11 ProductIntroduction">
<h5>Vorwort Pierre-André Poncet</h5>
</div>
<div id="ProductDescription-P158" class="GC12 ProductDescription">
<div class="row clearfix a09 sf-cb">
<div class="column full">
<p>Manche Schicksale sind überraschend, und das von Max ist eines davon. Aus diesem Fohlen, das auf den ersten Blick wie jedes andere aussah, wurde ein außergewöhnlicher Hengst für die Franco-Montagnes: der Hengst Hulax, der 13. Bis zu dem Punkt, an dem er seine Spuren in der Rasse hinterlassen hat.</p>
<p>Spezialist und leidenschaftlicher Kenner der Pferdewelt, hat Jean-Pierre Graber ihm ein Buch mit dem Titel &#8222;<em>Das unglaubliche Schicksal von Max</em>&#8220; gewidmet.</p>
</div>
</div>
</div>
</div>
